pose 5*s - 10 - 5 = 0. Suppose 9 = -4*w - s*h - 26, w - 4*h = 15. What is the units digit of 3/w - (-115)/25?
4
Suppose 1 - 17 = -4*a + 4*t, -a + 5*t = 0. Suppose -3*s = -3, a*l + 2*s - 3*s - 14 = 0. Suppose 0 = -l*u + 1 + 2. What is the units digit of u?
1
Let n be (24/(-10))/(3/30). What is the units digit of ((-16)/14)/(n/84)?
4
Suppose -8*y + 10 = -3*y. What is the units digit of y?
2
Suppose 0 = -0*z + z - 2. Suppose 0 = -4*h - 0*h. Suppose -z*s + h + 29 = -5*f, 13 = s - f. What is the tens digit of s?
1
Let i(d) = 5*d**2 + d. Let h be i(1). What is the tens digit of 2/h - 310/(-15)?
2
Let b be (-6)/(-9)*9/3. Suppose 0*k = j - b*k + 1, -3*j + 5 = -4*k. What is the units digit of j?
7
Suppose -4*g + 37 = -k, 5*g - 2*k - k - 48 = 0. Let f be g/4 - (-7)/(-28). Suppose u - 5 = -f*r, 4*u + 4*r - 16 = 4. What is the units digit of u?
5
Let f = -111 - -271. Suppose g = 6*g - f. What is the units digit of g?
2
Let z(o) = o**2 - 4*o - 4. Let t be z(5). Let g be t + 9 - (1 - 1). Suppose -4*c + 2 + g = 0. What is the units digit of c?
3
What is the hundreds digit of -1*422/4*(-3 - -1)?
2
Let p = -4 - -15. What is the tens digit of p?
1
Let j = 67 - 39. Let u = j - 16. Suppose -3*q = -15 - u. What is the units digit of q?
9
Let v = 69 + 11. Suppose -2*i - v = -7*i. What is the units digit of i?
6
Let p(g) = 29*g + 16. What is the tens digit of p(2)?
7
Suppose 5*l = -5*n + 5, l + 8 = 5*n - 15. Suppose b = -n*b + 45. What is the units digit of b?
9
Let b(j) = -10*j + 6. Let n(l) = -9*l + 5. Let t(x) = -5*b(x) + 6*n(x). Let s be t(4). Let r = -9 - s. What is the units digit of r?
7
Let l(t) = 2*t + 4. Let n(s) = -2*s - 2. Let k be n(-4). Let r be l(k). Let w = r + -11. What is the units digit of w?
5
Suppose -4*l + 0 + 4 = 0. Let j be (1 - 1) + l*8. Suppose -k + j = 3. What is the units digit of k?
5
Let b be 7/(-14) - 9/(-2). Suppose b*z + 4*v = 6*z - 48, 15 = -3*v. What is the tens digit of z?
1
Suppose r + 148 = 5*r + 3*u, 5*u = -5*r + 185. What is the units digit of r?
7
Let g = 192 - 112. What is the tens digit of g?
8
Let b(j) = 9*j - 2. Let l be b(2). Let q be 1/2*(l - 0). Suppose -q = -3*a - h, -2*h + 10 = -5*a + h. What is the units digit of a?
1
Let c(h) = h**2 + h. Let w be c(-2). Suppose 4*t + d = 96, -t + d = 2*t - 72. Suppose -4*g + 4*z = -t, 2*g - w = z + 8. What is the units digit of g?
4
Suppose -2*r + 5 = 1. Suppose -2*a = r*b, 6*b - 2*b = -3*a + 1. What is the units digit of b?
1
Let a be -12 - -55 - (1 - 0). Let x = 3 - 3. Suppose 4*g + 14 - a = x. What is the units digit of g?
7
Let k = -7 + 13. Suppose 0 = 2*y - y - k. What is the units digit of y?
6
Suppose 0 = z - 5*z + 48. What is the units digit of z?
2
Let w(u) = -u**3 + 4*u**2 + 4*u + 6. Let g be w(5). What is the units digit of 9 + (g - -1) + 2?
3
Let p(m) = 3*m**2 - 4*m - 5. What is the tens digit of p(5)?
5
Let u = -3 + 8. Suppose 2*p + 1 - 31 = u*k, -2*p - 3*k = -30. What is the tens digit of p?
1
Let y(l) = -l**3 - 6*l**2 - 10*l + 7. What is the tens digit of y(-5)?
3
Let b = 72 + -34. Let f = -15 + b. What is the tens digit of f?
2
Suppose 3*z - 22 = -2*b - 8, 0 = -2*z - 2*b + 12. Let f = -1 - -5. Suppose z = 2*v - f. What is the units digit of v?
3
Let y = -2 + 43. What is the tens digit of y?
4
Let b be (-5)/(-3) + 3/9. Suppose -4*c - 5*s + b - 6 = 0, 0 = 4*c - s - 20. Suppose c*k + 11 - 43 = 0. What is the units digit of k?
8
Suppose -t = 2, a - 3*a = 2*t + 12. What is the tens digit of ((-1)/a)/(4/208)?
1
Let s be 1/(-2*(-2)/(-16)). Let x(y) = -10*y**2 - 3. Let w(l) = -31*l**2 - 8. Let m(p) = s*w(p) + 11*x(p). What is the units digit of m(1)?
3
Let y(s) = -3*s - 1. Let v(b) = -b**3 + 6*b**2 + 7*b - 2. Let x = 2 - -5. Let k be v(x). What is the units digit of y(k)?
5
Suppose -u = 5, 5*i + u = i + 31. Suppose -5*m - n - 21 = -0*m, -m - 5*n = i. What is the units digit of (-5)/(-2*(-2)/m)?
5
Let b(x) = 2*x**2 - 35*x - 25. What is the tens digit of b(23)?
2
Let c(v) = -9*v - 6. Let k be c(-4). Let f = k - 10. What is the units digit of f?
0
Let j(w) = -w**2 - 7*w - 6. Let t(h) = -h + 1. Let l be t(5). Let p be j(l). What is the tens digit of (-2 + (-8)/p)*-3?
1
Let h be 84/(-18)*18/(-7). Suppose -n + h = -2*l, 7*n = 3*n - 3*l + 37. What is the tens digit of n?
1
Suppose 0 = -4*p + 3*p - 5*q + 24, 5*p = 3*q + 8. Let b be 0 + p + 0 + 1. Suppose 4*z - 12 = -0*z, -b*a + 41 = -3*z. What is the tens digit of a?
1
Let g(m) = -m**2 + 6*m - 6. What is the units digit of g(4)?
2
Suppose -2*g - 69 = g. What is the units digit of -2*(-1 - g/(-2))?
5
Suppose 3*b = 2*b + 4. Let p be 259/b - 1/(-4). Suppose 0 = 5*l - p + 15. What is the tens digit of l?
1
Let k = 1 - -3. Suppose 0 = 3*n - k*n. Suppose -17 = -f + l, n = -2*f - l - 3*l + 10. What is the tens digit of f?
1
Let k = -1 - -35. What is the units digit of k?
4
Let y(f) = -36*f + 12. What is the units digit of y(-2)?
4
Let l(b) = 2*b + 4. Let f be l(4). Suppose -6*m + 4*m = -f. What is the units digit of m?
6
Let x(a) = a**2 + a - 1. Suppose -5*n = -0*d - d, -52 = -5*d - n. Suppose 2*f = -0*w - 2*w + d, w - f = -3. What is the units digit of x(w)?
1
Suppose 4*p - 7 = 5, 2*a - 11 = -5*p. Let c be (-4)/8*a*1. Suppose -2*l = -9 + c. What is the units digit of l?
4
Let l(x) = -x**3 + 3*x**2 + 5*x - 2. Let j be l(4). What is the units digit of (-3 + 1)*(-1)/j?
1
Suppose -g + 367 = 5*y, 5*g = 6*y - 3*y + 1975. What is the units digit of g?
2
Let c = 43 + -24. What is the tens digit of c?
1
Let r(y) = 3*y - 9. Let k be r(7). Suppose 5*t - 6 = p + p, -t = 4*p + k. Suppose -2*b = -0*l - l + 4, t = 5*l - 3*b - 34. What is the units digit of l?
8
Let o(h) = h**3 + 3*h**2. Let z be o(-3). Suppose f + m - 21 = z, 7*f - 66 = 4*f - 4*m. What is the tens digit of f?
1
Let b(g) = 4*g - 7. Let x = -2 + 7. Let u be b(x). Suppose -3*p = -t - u, -8*p + 4*p + 20 = 0. What is the units digit of t?
2
Suppose 45 = 3*v - 51. What is the tens digit of v?
3
Suppose -5*f + 7*f + j = 23, -4*j - 48 = -2*f. What is the units digit of f?
4
Let a(h) = 7*h**2 + h + 1. Let v be a(-1). What is the units digit of (-6)/(-9)*(2 + v)?
6
Let f(v) be the first derivative of -v**5/60 - v**4/2 - v**3 - v**2 + 1. Let q(z) be the second derivative of f(z). What is the tens digit of q(-10)?
1
Let s(g) = -g**2 + 8*g - 6. Let t be s(6). Let b be (-6 - 0)/(-1 - -2). What is the units digit of (-2)/t*126/b?
7
Suppose -h + 50 = -3. What is the units digit of h?
3
Let w be 50 - (-2 - -2 - -1). Suppose -l - 21 = -6*t + t, -w = 3*l - t. What is the units digit of (l/(-10))/(4/10)?
4
Let x(c) = c**3 + 4*c**2 + 2*c. Let p be x(-3). Let f be (-2)/(p/6 + -1). Suppose w - 7 = -2*r, -f*w + r + 28 = 3*r. What is the units digit of w?
7
Let o(c) = -49*c - 1. Let s be o(-1). Suppose -3*f + s = f. What is the units digit of f?
2
Let t(w) = 12*w**2 - 13*w - 15. What is the tens digit of t(-5)?
5
Suppose 4*x - 60 = -4*z, 5*z - 49 = -4*x + 10. What is the units digit of x?
6
Let j = 4 - 10. What is the tens digit of j/(2*(-9)/48)?
1
Let g(d) = -d**3 - 7*d**2 - 7*d - 1. Let a be 6*-1*(0 - -1). What is the units digit of g(a)?
5
Let p = -202 + 331. What is the tens digit of p?
2
Let t(d) be the second derivative of 3*d + 0 + 1/12*d**4 - d**2 - 1/6*d**3. What is the units digit of t(-2)?
4
Let t(r) = 2*r + 11. Let l be t(9). Let w = -55 - -39. Let j = l + w. What is the tens digit of j?
1
Suppose -3*l + 0*l - 3*y + 135 = 0, -5 = -5*y. Suppose 5*n = 36 + l. What is the tens digit of n?
1
What is the hundreds digit of 3*(-417)/(-9) + (1 - 5)?
1
Suppose w + 233 = -w + 5*f, 223 = -2*w + 3*f. Let r = -66 - w. What is the units digit of r?
8
Let o(a) = -a**3 + 13*a**2 + 6*a + 27. What is the units digit of o(12)?
3
Suppose -k = k - 6. Suppose -k*g + 4*i = 19 - 6, 3*i = 4*g + 8. What is the units digit of g?
1
What is the tens digit of (-9 - -7)/(-1 + 705/711)?
3
Suppose -424 = -7*s + 87. What is the units digit of s?
3
Suppose -l + 2*l = 3*o + 62, -5*l - o + 262 = 0. What is the units digit of l?
3
Suppose 0 = 5*p + t - 256, -2*t + 152 = 3*p - t. Let m = -36 + p. Let o = 27 - m. What is the tens digit of o?
1
Suppose 3 = 8*u - 9*u. Let l(f) = -2*f**3 - 2*f**2 + 3*f - 3. What is the units digit of l(u)?
4
Let o be 2/8 - 18/8. Let k be -1 + 2 - 6 - o. What is the units digit of 2/(-1)*12/k?
8
Let r =